{"id":349,"date":"2016-12-29T21:49:01","date_gmt":"2016-12-29T21:49:01","guid":{"rendered":"http:\/\/aladedragon.com\/proyectos\/miller\/POR\/?page_id=349"},"modified":"2018-02-16T19:09:30","modified_gmt":"2018-02-16T19:09:30","slug":"petroleo-e-gas","status":"publish","type":"page","link":"https:\/\/millerlatam.com\/POR\/servicos\/petroleo-e-gas\/","title":{"rendered":"Petr\u00f3leo e G\u00e1s"},"content":{"rendered":"<div id=\"pl-349\"  class=\"panel-layout\" ><div id=\"pg-349-0\"  class=\"panel-grid panel-no-style\" ><div id=\"pgc-349-0-0\"  class=\"panel-grid-cell\" ><div class=\"row-without-padding panel-cell-style panel-cell-style-for-349-0-0\" ><div id=\"panel-349-0-0-0\" class=\"so-panel widget widget_sow-editor panel-first-child panel-last-child\" data-index=\"0\" ><div\n\t\t\t\n\t\t\tclass=\"so-widget-sow-editor so-widget-sow-editor-base\"\n\t\t\t\n\t\t>\n<div class=\"siteorigin-widget-tinymce textwidget\">\n\t<h5>Danos a C\u00e2mara de Rea\u00e7\u00e3o T\u00e9rmica<\/h5>\n<p>O sinistro consistiu em danos ocorridos no revestimento refrat\u00e1rio interno de uma c\u00e2mara de rea\u00e7\u00e3o t\u00e9rmica; ap\u00f3s de ter finalizado o processo de secagem com posterior processo de esfriamento do revestimento interno de material refrat\u00e1rio, detectou-se seu desmoronamento e queda (colapso).<\/p>\n<p>A c\u00e2mara faz parte da unidade de recupera\u00e7\u00e3o de sulfatos, e \u00e9 aqui que se inicia o processo de recupera\u00e7\u00e3o ao receber os gases de refinaria.<\/p>\n<p>Os gases contaminados s\u00e3o queimados parcialmente na c\u00e2mara de rea\u00e7\u00e3o t\u00e9rmica, alcan\u00e7ando temperaturas de 1.250 \u00baC aproximadamente. O funcionamento correto desta c\u00e2mara garante a efici\u00eancia do processo e evita interrup\u00e7\u00f5es do processo de refina\u00e7\u00e3o.<\/p>\n<p>O material da c\u00e2mara de rea\u00e7\u00e3o \u00e9 a\u00e7o com revestimento interno de material refrat\u00e1rio, devido as elevadas temperaturas do processo de combust\u00e3o, necess\u00e1rias para a recupera\u00e7\u00e3o dos sulfatos.<\/p>\n<p>Adicionalmente, incorpora um \u2018anel de fogo\u2019 que limita a circula\u00e7\u00e3o dos gases de combust\u00e3o, estabelecendo, desta maneira, um diferencial de temperatura, que, por sua vez, controla a temperatura de combust\u00e3o.<\/p>\n<p>&nbsp;<\/p>\n<p><a href=\"http:\/\/millerila.com\/POR\/servicos\/\">Voltar aos servi\u00e7os<\/a><\/p>\n<\/div>\n<\/div><\/div><\/div><\/div><div id=\"pgc-349-0-1\"  class=\"panel-grid-cell\" ><div class=\"row-without-padding panel-cell-style panel-cell-style-for-349-0-1\" ><div id=\"panel-349-0-1-0\" class=\"so-panel widget widget_sow-editor panel-first-child panel-last-child\" data-index=\"1\" ><div\n\t\t\t\n\t\t\tclass=\"so-widget-sow-editor so-widget-sow-editor-base\"\n\t\t\t\n\t\t>\n<div class=\"siteorigin-widget-tinymce textwidget\">\n\t<div id='gallery-1' class='gallery galleryid-349 gallery-columns-2 gallery-size-large'><figure class='gallery-item'>\n\t\t\t<div class='gallery-icon landscape'>\n\t\t\t\t<a href='https:\/\/millerlatam.com\/POR\/wp-content\/uploads\/2017\/12\/miller-petroleo-e-gas-1.jpg'><img loading=\"lazy\" decoding=\"async\" width=\"661\" height=\"488\" src=\"https:\/\/millerlatam.com\/POR\/wp-content\/uploads\/2017\/12\/miller-petroleo-e-gas-1.jpg\" class=\"attachment-large size-large\" alt=\"Servi\u00e7os - Petr\u00f3leo e G\u00e1s\" srcset=\"https:\/\/millerlatam.com\/POR\/wp-content\/uploads\/2017\/12\/miller-petroleo-e-gas-1.jpg 661w, https:\/\/millerlatam.com\/POR\/wp-content\/uploads\/2017\/12\/miller-petroleo-e-gas-1-300x221.jpg 300w, https:\/\/millerlatam.com\/POR\/wp-content\/uploads\/2017\/12\/miller-petroleo-e-gas-1-400x295.jpg 400w, https:\/\/millerlatam.com\/POR\/wp-content\/uploads\/2017\/12\/miller-petroleo-e-gas-1-430x317.jpg 430w, https:\/\/millerlatam.com\/POR\/wp-content\/uploads\/2017\/12\/miller-petroleo-e-gas-1-150x111.jpg 150w, https:\/\/millerlatam.com\/POR\/wp-content\/uploads\/2017\/12\/miller-petroleo-e-gas-1-100x74.jpg 100w\" sizes=\"auto, (max-width: 661px) 100vw, 661px\" \/><\/a>\n\t\t\t<\/div><\/figure><figure class='gallery-item'>\n\t\t\t<div class='gallery-icon landscape'>\n\t\t\t\t<a href='https:\/\/millerlatam.com\/POR\/wp-content\/uploads\/2017\/12\/miller-petroleo-e-gas-2.jpg'><img loading=\"lazy\" decoding=\"async\" width=\"661\" height=\"488\" src=\"https:\/\/millerlatam.com\/POR\/wp-content\/uploads\/2017\/12\/miller-petroleo-e-gas-2.jpg\" class=\"attachment-large size-large\" alt=\"Servi\u00e7os - Petr\u00f3leo e G\u00e1s\" srcset=\"https:\/\/millerlatam.com\/POR\/wp-content\/uploads\/2017\/12\/miller-petroleo-e-gas-2.jpg 661w, https:\/\/millerlatam.com\/POR\/wp-content\/uploads\/2017\/12\/miller-petroleo-e-gas-2-300x221.jpg 300w, https:\/\/millerlatam.com\/POR\/wp-content\/uploads\/2017\/12\/miller-petroleo-e-gas-2-400x295.jpg 400w, https:\/\/millerlatam.com\/POR\/wp-content\/uploads\/2017\/12\/miller-petroleo-e-gas-2-430x317.jpg 430w, https:\/\/millerlatam.com\/POR\/wp-content\/uploads\/2017\/12\/miller-petroleo-e-gas-2-150x111.jpg 150w, https:\/\/millerlatam.com\/POR\/wp-content\/uploads\/2017\/12\/miller-petroleo-e-gas-2-100x74.jpg 100w\" sizes=\"auto, (max-width: 661px) 100vw, 661px\" \/><\/a>\n\t\t\t<\/div><\/figure><figure class='gallery-item'>\n\t\t\t<div class='gallery-icon landscape'>\n\t\t\t\t<a href='https:\/\/millerlatam.com\/POR\/wp-content\/uploads\/2017\/12\/miller-petroleo-e-gas-3.jpg'><img loading=\"lazy\" decoding=\"async\" width=\"661\" height=\"488\" src=\"https:\/\/millerlatam.com\/POR\/wp-content\/uploads\/2017\/12\/miller-petroleo-e-gas-3.jpg\" class=\"attachment-large size-large\" alt=\"Servi\u00e7os - Petr\u00f3leo e G\u00e1s\" srcset=\"https:\/\/millerlatam.com\/POR\/wp-content\/uploads\/2017\/12\/miller-petroleo-e-gas-3.jpg 661w, https:\/\/millerlatam.com\/POR\/wp-content\/uploads\/2017\/12\/miller-petroleo-e-gas-3-300x221.jpg 300w, https:\/\/millerlatam.com\/POR\/wp-content\/uploads\/2017\/12\/miller-petroleo-e-gas-3-400x295.jpg 400w, https:\/\/millerlatam.com\/POR\/wp-content\/uploads\/2017\/12\/miller-petroleo-e-gas-3-430x317.jpg 430w, https:\/\/millerlatam.com\/POR\/wp-content\/uploads\/2017\/12\/miller-petroleo-e-gas-3-150x111.jpg 150w, https:\/\/millerlatam.com\/POR\/wp-content\/uploads\/2017\/12\/miller-petroleo-e-gas-3-100x74.jpg 100w\" sizes=\"auto, (max-width: 661px) 100vw, 661px\" \/><\/a>\n\t\t\t<\/div><\/figure><figure class='gallery-item'>\n\t\t\t<div class='gallery-icon landscape'>\n\t\t\t\t<a href='https:\/\/millerlatam.com\/POR\/wp-content\/uploads\/2017\/12\/miller-petroleo-e-gas-4.jpg'><img loading=\"lazy\" decoding=\"async\" width=\"661\" height=\"488\" src=\"https:\/\/millerlatam.com\/POR\/wp-content\/uploads\/2017\/12\/miller-petroleo-e-gas-4.jpg\" class=\"attachment-large size-large\" alt=\"Servi\u00e7os - Petr\u00f3leo e G\u00e1s\" srcset=\"https:\/\/millerlatam.com\/POR\/wp-content\/uploads\/2017\/12\/miller-petroleo-e-gas-4.jpg 661w, https:\/\/millerlatam.com\/POR\/wp-content\/uploads\/2017\/12\/miller-petroleo-e-gas-4-300x221.jpg 300w, https:\/\/millerlatam.com\/POR\/wp-content\/uploads\/2017\/12\/miller-petroleo-e-gas-4-400x295.jpg 400w, https:\/\/millerlatam.com\/POR\/wp-content\/uploads\/2017\/12\/miller-petroleo-e-gas-4-430x317.jpg 430w, https:\/\/millerlatam.com\/POR\/wp-content\/uploads\/2017\/12\/miller-petroleo-e-gas-4-150x111.jpg 150w, https:\/\/millerlatam.com\/POR\/wp-content\/uploads\/2017\/12\/miller-petroleo-e-gas-4-100x74.jpg 100w\" sizes=\"auto, (max-width: 661px) 100vw, 661px\" \/><\/a>\n\t\t\t<\/div><\/figure>\n\t\t<\/div>\n\n<\/div>\n<\/div><\/div><\/div><\/div><\/div><\/div>","protected":false},"excerpt":{"rendered":"<p>Danos a C\u00e2mara de Rea\u00e7\u00e3o T\u00e9rmica O sinistro consistiu em danos ocorridos no revestimento refrat\u00e1rio interno de uma c\u00e2mara de rea\u00e7\u00e3o t\u00e9rmica; ap\u00f3s de ter finalizado o processo de secagem [&hellip;]<\/p>\n","protected":false},"author":1,"featured_media":0,"parent":12,"menu_order":0,"comment_status":"closed","ping_status":"closed","template":"page_fullwidth.php","meta":{"footnotes":""},"class_list":["post-349","page","type-page","status-publish","hentry"],"_links":{"self":[{"href":"https:\/\/millerlatam.com\/POR\/wp-json\/wp\/v2\/pages\/349","targetHints":{"allow":["GET"]}}],"collection":[{"href":"https:\/\/millerlatam.com\/POR\/wp-json\/wp\/v2\/pages"}],"about":[{"href":"https:\/\/millerlatam.com\/POR\/wp-json\/wp\/v2\/types\/page"}],"author":[{"embeddable":true,"href":"https:\/\/millerlatam.com\/POR\/wp-json\/wp\/v2\/users\/1"}],"replies":[{"embeddable":true,"href":"https:\/\/millerlatam.com\/POR\/wp-json\/wp\/v2\/comments?post=349"}],"version-history":[{"count":14,"href":"https:\/\/millerlatam.com\/POR\/wp-json\/wp\/v2\/pages\/349\/revisions"}],"predecessor-version":[{"id":1253,"href":"https:\/\/millerlatam.com\/POR\/wp-json\/wp\/v2\/pages\/349\/revisions\/1253"}],"up":[{"embeddable":true,"href":"https:\/\/millerlatam.com\/POR\/wp-json\/wp\/v2\/pages\/12"}],"wp:attachment":[{"href":"https:\/\/millerlatam.com\/POR\/wp-json\/wp\/v2\/media?parent=349"}],"curies":[{"name":"wp","href":"https:\/\/api.w.org\/{rel}","templated":true}]}}