{"id":220,"date":"2016-12-29T21:21:08","date_gmt":"2016-12-29T21:21:08","guid":{"rendered":"http:\/\/aladedragon.com\/proyectos\/miller\/POR\/?page_id=220"},"modified":"2018-02-16T19:08:38","modified_gmt":"2018-02-16T19:08:38","slug":"industria-metalurgica","status":"publish","type":"page","link":"https:\/\/millerlatam.com\/POR\/servicos\/industria-metalurgica\/","title":{"rendered":"Ind\u00fastria Metal\u00fargica"},"content":{"rendered":"<div id=\"pl-220\"  class=\"panel-layout\" ><div id=\"pg-220-0\"  class=\"panel-grid panel-no-style\" ><div id=\"pgc-220-0-0\"  class=\"panel-grid-cell\" ><div class=\"row-without-padding panel-cell-style panel-cell-style-for-220-0-0\" ><div id=\"panel-220-0-0-0\" class=\"so-panel widget widget_sow-editor panel-first-child panel-last-child\" data-index=\"0\" ><div\n\t\t\t\n\t\t\tclass=\"so-widget-sow-editor so-widget-sow-editor-base\"\n\t\t\t\n\t\t>\n<div class=\"siteorigin-widget-tinymce textwidget\">\n\t<h5>Inc\u00eandio em Pr\u00e9-aquecedor de G\u00e1s (Processo Midrex)<\/h5>\n<p>Numa planta de produ\u00e7\u00e3o de briquetes de ferro reduzido (mat\u00e9ria prima: peda\u00e7os de mineral de ferro), ocorreu um inc\u00eandio no cambiador de calor de g\u00e1s do recuperador de calor. Ap\u00f3s uma falha na frequ\u00eancia el\u00e9trica no sistema de distribui\u00e7\u00e3o de energia, presentaram-se problemas no sistema de controle da v\u00e1lvula de descarga do ventilador de impulso de gases, na qual a planta ficou temporariamente fora de servi\u00e7o.<\/p>\n<p>Durante o processo de normaliza\u00e7\u00e3o da opera\u00e7\u00e3o, originou-se uma fuga de g\u00e1s com combust\u00e3o imediata, tornando-se num inc\u00eandio com danos de extens\u00e3o geral no m\u00f3dulo do recuperador de calor.<\/p>\n<p>Os danos materiais alcan\u00e7aram o valor de USD 360.000. A perda de lucros chegou a USD 4.275.000, com atividades de reparo que se realizaram em tr\u00eas etapas, sendo elas: 7 dias de repara\u00e7\u00e3o provisional com o intuito de deixar a planta operando com dois m\u00f3dulos de recupera\u00e7\u00e3o de calor, seis meses de interrup\u00e7\u00e3o parcial com aproximadamente 20% de produ\u00e7\u00e3o, neste per\u00edodo fabricou-se o m\u00f3dulo afetado pelo sinistro, e 11 dias de paraliza\u00e7\u00e3o total da produ\u00e7\u00e3o (100%) para realiza\u00e7\u00e3o do reparo definitivo.<\/p>\n<p><a href=\"http:\/\/millerila.com\/POR\/servicos\/\">Voltar aos servi\u00e7os<\/a><\/p>\n<\/div>\n<\/div><\/div><\/div><\/div><div id=\"pgc-220-0-1\"  class=\"panel-grid-cell\" ><div class=\"row-without-padding panel-cell-style panel-cell-style-for-220-0-1\" ><div id=\"panel-220-0-1-0\" class=\"so-panel widget widget_sow-editor panel-first-child panel-last-child\" data-index=\"1\" ><div\n\t\t\t\n\t\t\tclass=\"so-widget-sow-editor so-widget-sow-editor-base\"\n\t\t\t\n\t\t>\n<div class=\"siteorigin-widget-tinymce textwidget\">\n\t<div id='gallery-1' class='gallery galleryid-220 gallery-columns-2 gallery-size-large'><figure class='gallery-item'>\n\t\t\t<div class='gallery-icon landscape'>\n\t\t\t\t<a href='https:\/\/millerlatam.com\/POR\/wp-content\/uploads\/2016\/12\/incedio-em-pre-aquecedor-gas_g1.jpg'><img loading=\"lazy\" decoding=\"async\" width=\"662\" height=\"488\" src=\"https:\/\/millerlatam.com\/POR\/wp-content\/uploads\/2016\/12\/incedio-em-pre-aquecedor-gas_g1.jpg\" class=\"attachment-large size-large\" alt=\"Servi\u00e7os - Ind\u00fastria Metal\u00fargica\" srcset=\"https:\/\/millerlatam.com\/POR\/wp-content\/uploads\/2016\/12\/incedio-em-pre-aquecedor-gas_g1.jpg 662w, https:\/\/millerlatam.com\/POR\/wp-content\/uploads\/2016\/12\/incedio-em-pre-aquecedor-gas_g1-300x221.jpg 300w, https:\/\/millerlatam.com\/POR\/wp-content\/uploads\/2016\/12\/incedio-em-pre-aquecedor-gas_g1-400x295.jpg 400w, https:\/\/millerlatam.com\/POR\/wp-content\/uploads\/2016\/12\/incedio-em-pre-aquecedor-gas_g1-430x317.jpg 430w, https:\/\/millerlatam.com\/POR\/wp-content\/uploads\/2016\/12\/incedio-em-pre-aquecedor-gas_g1-150x111.jpg 150w, https:\/\/millerlatam.com\/POR\/wp-content\/uploads\/2016\/12\/incedio-em-pre-aquecedor-gas_g1-100x74.jpg 100w\" sizes=\"auto, (max-width: 662px) 100vw, 662px\" \/><\/a>\n\t\t\t<\/div><\/figure><figure class='gallery-item'>\n\t\t\t<div class='gallery-icon landscape'>\n\t\t\t\t<a href='https:\/\/millerlatam.com\/POR\/wp-content\/uploads\/2016\/12\/incedio-em-pre-aquecedor-gas_g2.jpg'><img loading=\"lazy\" decoding=\"async\" width=\"661\" height=\"488\" src=\"https:\/\/millerlatam.com\/POR\/wp-content\/uploads\/2016\/12\/incedio-em-pre-aquecedor-gas_g2.jpg\" class=\"attachment-large size-large\" alt=\"Servi\u00e7os - Ind\u00fastria Metal\u00fargica\" srcset=\"https:\/\/millerlatam.com\/POR\/wp-content\/uploads\/2016\/12\/incedio-em-pre-aquecedor-gas_g2.jpg 661w, https:\/\/millerlatam.com\/POR\/wp-content\/uploads\/2016\/12\/incedio-em-pre-aquecedor-gas_g2-300x221.jpg 300w, https:\/\/millerlatam.com\/POR\/wp-content\/uploads\/2016\/12\/incedio-em-pre-aquecedor-gas_g2-400x295.jpg 400w, https:\/\/millerlatam.com\/POR\/wp-content\/uploads\/2016\/12\/incedio-em-pre-aquecedor-gas_g2-430x317.jpg 430w, https:\/\/millerlatam.com\/POR\/wp-content\/uploads\/2016\/12\/incedio-em-pre-aquecedor-gas_g2-150x111.jpg 150w, https:\/\/millerlatam.com\/POR\/wp-content\/uploads\/2016\/12\/incedio-em-pre-aquecedor-gas_g2-100x74.jpg 100w\" sizes=\"auto, (max-width: 661px) 100vw, 661px\" \/><\/a>\n\t\t\t<\/div><\/figure><figure class='gallery-item'>\n\t\t\t<div class='gallery-icon landscape'>\n\t\t\t\t<a href='https:\/\/millerlatam.com\/POR\/wp-content\/uploads\/2016\/12\/incedio-em-pre-aquecedor-gas_g3.jpg'><img loading=\"lazy\" decoding=\"async\" width=\"662\" height=\"488\" src=\"https:\/\/millerlatam.com\/POR\/wp-content\/uploads\/2016\/12\/incedio-em-pre-aquecedor-gas_g3.jpg\" class=\"attachment-large size-large\" alt=\"Servi\u00e7os - Ind\u00fastria Metal\u00fargica\" srcset=\"https:\/\/millerlatam.com\/POR\/wp-content\/uploads\/2016\/12\/incedio-em-pre-aquecedor-gas_g3.jpg 662w, https:\/\/millerlatam.com\/POR\/wp-content\/uploads\/2016\/12\/incedio-em-pre-aquecedor-gas_g3-300x221.jpg 300w, https:\/\/millerlatam.com\/POR\/wp-content\/uploads\/2016\/12\/incedio-em-pre-aquecedor-gas_g3-400x295.jpg 400w, https:\/\/millerlatam.com\/POR\/wp-content\/uploads\/2016\/12\/incedio-em-pre-aquecedor-gas_g3-430x317.jpg 430w, https:\/\/millerlatam.com\/POR\/wp-content\/uploads\/2016\/12\/incedio-em-pre-aquecedor-gas_g3-150x111.jpg 150w, https:\/\/millerlatam.com\/POR\/wp-content\/uploads\/2016\/12\/incedio-em-pre-aquecedor-gas_g3-100x74.jpg 100w\" sizes=\"auto, (max-width: 662px) 100vw, 662px\" \/><\/a>\n\t\t\t<\/div><\/figure><figure class='gallery-item'>\n\t\t\t<div class='gallery-icon landscape'>\n\t\t\t\t<a href='https:\/\/millerlatam.com\/POR\/wp-content\/uploads\/2016\/12\/incedio-em-pre-aquecedor-gas_g4.jpg'><img loading=\"lazy\" decoding=\"async\" width=\"662\" height=\"488\" src=\"https:\/\/millerlatam.com\/POR\/wp-content\/uploads\/2016\/12\/incedio-em-pre-aquecedor-gas_g4.jpg\" class=\"attachment-large size-large\" alt=\"Servi\u00e7os - Ind\u00fastria Metal\u00fargica\" srcset=\"https:\/\/millerlatam.com\/POR\/wp-content\/uploads\/2016\/12\/incedio-em-pre-aquecedor-gas_g4.jpg 662w, https:\/\/millerlatam.com\/POR\/wp-content\/uploads\/2016\/12\/incedio-em-pre-aquecedor-gas_g4-300x221.jpg 300w, https:\/\/millerlatam.com\/POR\/wp-content\/uploads\/2016\/12\/incedio-em-pre-aquecedor-gas_g4-400x295.jpg 400w, https:\/\/millerlatam.com\/POR\/wp-content\/uploads\/2016\/12\/incedio-em-pre-aquecedor-gas_g4-430x317.jpg 430w, https:\/\/millerlatam.com\/POR\/wp-content\/uploads\/2016\/12\/incedio-em-pre-aquecedor-gas_g4-150x111.jpg 150w, https:\/\/millerlatam.com\/POR\/wp-content\/uploads\/2016\/12\/incedio-em-pre-aquecedor-gas_g4-100x74.jpg 100w\" sizes=\"auto, (max-width: 662px) 100vw, 662px\" \/><\/a>\n\t\t\t<\/div><\/figure><figure class='gallery-item'>\n\t\t\t<div class='gallery-icon landscape'>\n\t\t\t\t<a href='https:\/\/millerlatam.com\/POR\/wp-content\/uploads\/2016\/12\/incedio-em-pre-aquecedor-gas_g5.jpg'><img loading=\"lazy\" decoding=\"async\" width=\"662\" height=\"488\" src=\"https:\/\/millerlatam.com\/POR\/wp-content\/uploads\/2016\/12\/incedio-em-pre-aquecedor-gas_g5.jpg\" class=\"attachment-large size-large\" alt=\"Servi\u00e7os - Ind\u00fastria Metal\u00fargica\" srcset=\"https:\/\/millerlatam.com\/POR\/wp-content\/uploads\/2016\/12\/incedio-em-pre-aquecedor-gas_g5.jpg 662w, https:\/\/millerlatam.com\/POR\/wp-content\/uploads\/2016\/12\/incedio-em-pre-aquecedor-gas_g5-300x221.jpg 300w, https:\/\/millerlatam.com\/POR\/wp-content\/uploads\/2016\/12\/incedio-em-pre-aquecedor-gas_g5-400x295.jpg 400w, https:\/\/millerlatam.com\/POR\/wp-content\/uploads\/2016\/12\/incedio-em-pre-aquecedor-gas_g5-430x317.jpg 430w, https:\/\/millerlatam.com\/POR\/wp-content\/uploads\/2016\/12\/incedio-em-pre-aquecedor-gas_g5-150x111.jpg 150w, https:\/\/millerlatam.com\/POR\/wp-content\/uploads\/2016\/12\/incedio-em-pre-aquecedor-gas_g5-100x74.jpg 100w\" sizes=\"auto, (max-width: 662px) 100vw, 662px\" \/><\/a>\n\t\t\t<\/div><\/figure><figure class='gallery-item'>\n\t\t\t<div class='gallery-icon landscape'>\n\t\t\t\t<a href='https:\/\/millerlatam.com\/POR\/wp-content\/uploads\/2016\/12\/incedio-em-pre-aquecedor-gas_g6.jpg'><img loading=\"lazy\" decoding=\"async\" width=\"662\" height=\"488\" src=\"https:\/\/millerlatam.com\/POR\/wp-content\/uploads\/2016\/12\/incedio-em-pre-aquecedor-gas_g6.jpg\" class=\"attachment-large size-large\" alt=\"Servi\u00e7os - Ind\u00fastria Metal\u00fargica\" srcset=\"https:\/\/millerlatam.com\/POR\/wp-content\/uploads\/2016\/12\/incedio-em-pre-aquecedor-gas_g6.jpg 662w, https:\/\/millerlatam.com\/POR\/wp-content\/uploads\/2016\/12\/incedio-em-pre-aquecedor-gas_g6-300x221.jpg 300w, https:\/\/millerlatam.com\/POR\/wp-content\/uploads\/2016\/12\/incedio-em-pre-aquecedor-gas_g6-400x295.jpg 400w, https:\/\/millerlatam.com\/POR\/wp-content\/uploads\/2016\/12\/incedio-em-pre-aquecedor-gas_g6-430x317.jpg 430w, https:\/\/millerlatam.com\/POR\/wp-content\/uploads\/2016\/12\/incedio-em-pre-aquecedor-gas_g6-150x111.jpg 150w, https:\/\/millerlatam.com\/POR\/wp-content\/uploads\/2016\/12\/incedio-em-pre-aquecedor-gas_g6-100x74.jpg 100w\" sizes=\"auto, (max-width: 662px) 100vw, 662px\" \/><\/a>\n\t\t\t<\/div><\/figure><figure class='gallery-item'>\n\t\t\t<div class='gallery-icon landscape'>\n\t\t\t\t<a href='https:\/\/millerlatam.com\/POR\/wp-content\/uploads\/2016\/12\/incedio-em-pre-aquecedor-gas_g7.jpg'><img loading=\"lazy\" decoding=\"async\" width=\"662\" height=\"488\" src=\"https:\/\/millerlatam.com\/POR\/wp-content\/uploads\/2016\/12\/incedio-em-pre-aquecedor-gas_g7.jpg\" class=\"attachment-large size-large\" alt=\"Servi\u00e7os - Ind\u00fastria Metal\u00fargica\" srcset=\"https:\/\/millerlatam.com\/POR\/wp-content\/uploads\/2016\/12\/incedio-em-pre-aquecedor-gas_g7.jpg 662w, https:\/\/millerlatam.com\/POR\/wp-content\/uploads\/2016\/12\/incedio-em-pre-aquecedor-gas_g7-300x221.jpg 300w, https:\/\/millerlatam.com\/POR\/wp-content\/uploads\/2016\/12\/incedio-em-pre-aquecedor-gas_g7-400x295.jpg 400w, https:\/\/millerlatam.com\/POR\/wp-content\/uploads\/2016\/12\/incedio-em-pre-aquecedor-gas_g7-430x317.jpg 430w, https:\/\/millerlatam.com\/POR\/wp-content\/uploads\/2016\/12\/incedio-em-pre-aquecedor-gas_g7-150x111.jpg 150w, https:\/\/millerlatam.com\/POR\/wp-content\/uploads\/2016\/12\/incedio-em-pre-aquecedor-gas_g7-100x74.jpg 100w\" sizes=\"auto, (max-width: 662px) 100vw, 662px\" \/><\/a>\n\t\t\t<\/div><\/figure>\n\t\t<\/div>\n\n<\/div>\n<\/div><\/div><\/div><\/div><\/div><\/div>","protected":false},"excerpt":{"rendered":"<p>Inc\u00eandio em Pr\u00e9-aquecedor de G\u00e1s (Processo Midrex) Numa planta de produ\u00e7\u00e3o de briquetes de ferro reduzido (mat\u00e9ria prima: peda\u00e7os de mineral de ferro), ocorreu um inc\u00eandio no cambiador de calor [&hellip;]<\/p>\n","protected":false},"author":1,"featured_media":0,"parent":12,"menu_order":0,"comment_status":"closed","ping_status":"closed","template":"page_fullwidth.php","meta":{"footnotes":""},"class_list":["post-220","page","type-page","status-publish","hentry"],"_links":{"self":[{"href":"https:\/\/millerlatam.com\/POR\/wp-json\/wp\/v2\/pages\/220","targetHints":{"allow":["GET"]}}],"collection":[{"href":"https:\/\/millerlatam.com\/POR\/wp-json\/wp\/v2\/pages"}],"about":[{"href":"https:\/\/millerlatam.com\/POR\/wp-json\/wp\/v2\/types\/page"}],"author":[{"embeddable":true,"href":"https:\/\/millerlatam.com\/POR\/wp-json\/wp\/v2\/users\/1"}],"replies":[{"embeddable":true,"href":"https:\/\/millerlatam.com\/POR\/wp-json\/wp\/v2\/comments?post=220"}],"version-history":[{"count":13,"href":"https:\/\/millerlatam.com\/POR\/wp-json\/wp\/v2\/pages\/220\/revisions"}],"predecessor-version":[{"id":1245,"href":"https:\/\/millerlatam.com\/POR\/wp-json\/wp\/v2\/pages\/220\/revisions\/1245"}],"up":[{"embeddable":true,"href":"https:\/\/millerlatam.com\/POR\/wp-json\/wp\/v2\/pages\/12"}],"wp:attachment":[{"href":"https:\/\/millerlatam.com\/POR\/wp-json\/wp\/v2\/media?parent=220"}],"curies":[{"name":"wp","href":"https:\/\/api.w.org\/{rel}","templated":true}]}}